base 9, what is 13 + 143?
156
In base 12, what is -5 + -10b?
-114
In base 15, what is 1 - 623?
-622
In base 9, what is 4 + 86?
101
In base 16, what is 22a + -5?
225
In base 12, what is 13 - -26?
39
In base 8, what is 114 + 102?
216
In base 13, what is 3 - -297?
29a
In base 12, what is 5 - 858?
-853
In base 10, what is 6 + -3236?
-3230
In base 4, what is 10011232 - 3?
10011223
In base 13, what is 6 - -136b?
1374
In base 4, what is 3 + 323?
332
In base 8, what is 136 + 0?
136
In base 8, what is -15453 + -4?
-15457
In base 2, what is 0 + 11101?
11101
In base 16, what is 4 - -48b?
48f
In base 4, what is -12111 - 10?
-12121
In base 13, what is -4 - 1c98?
-1c9c
In base 15, what is 68 - -ad?
126
In base 7, what is 2 + -426?
-424
In base 4, what is -10230 - -12?
-10212
In base 13, what is 3 + a3?
a6
In base 3, what is 10012022 + -111?
10011211
In base 15, what is 0 + 3d?
3d
In base 8, what is 1 - 430?
-427
In base 3, what is 2121 - -11101?
20222
In base 16, what is -41 - -17?
-2a
In base 15, what is -b + 2ce?
2c3
In base 13, what is -3 - -1b3a?
1b37
In base 10, what is 2 - -277?
279
In base 8, what is -470 - 23?
-513
In base 16, what is -39 + 3?
-36
In base 15, what is 12 - 17?
-5
In base 6, what is 34 - -10?
44
In base 10, what is -1 - -376?
375
In base 16, what is -1c - 5?
-21
In base 16, what is d - -d?
1a
In base 7, what is 6141 + -3?
6135
In base 5, what is 210 - 21?
134
In base 6, what is 11542 - 3?
11535
In base 13, what is -1a1 + -15?
-1b6
In base 3, what is -20 + -10101000?
-10101020
In base 12, what is 450 + -3?
449
In base 2, what is -110101011 + -1001?
-110110100
In base 11, what is 5 - 2a8?
-2a3
In base 12, what is 255a + -3?
2557
In base 16, what is 5 - 4fd?
-4f8
In base 4, what is -2230 - -102?
-2122
In base 4, what is 2 + 1133?
1201
In base 6, what is -10 + 1010?
1000
In base 12, what is -1a + -b?
-29
In base 16, what is 12 + -2d?
-1b
In base 6, what is -1345 + 4?
-1341
In base 8, what is 0 - 12014?
-12014
In base 6, what is 1 - -1322?
1323
In base 13, what is 18 + 1?
19
In base 3, what is 12 - 101110?
-101021
In base 14, what is -360 - -1?
-35d
In base 14, what is -2 + -2bb?
-2bd
In base 12, what is 240 + a?
24a
In base 10, what is -1225 + -5?
-1230
In base 11, what is -5 - 9a?
-a4
In base 14, what is -3 + 108?
105
In base 14, what is -5 - 12?
-17
In base 5, what is -10 - -203?
143
In base 4, what is 1212 - -2?
1220
In base 8, what is 31 - 27?
2
In base 15, what is 6 - -91?
97
In base 14, what is 5 + -143?
-13c
In base 4, what is 130 + 100?
230
In base 6, what is -5034 - 5?
-5043
In base 7, what is 2 - -504?
506
In base 9, what is -133 + 3?
-130
In base 13, what is 0 + 5?
5
In base 2, what is -1001101001 - 0?
-1001101001
In base 3, what is -12 - 1221221?
-1222010
In base 15, what is -239 - 1?
-23a
In base 14, what is -4 - 158?
-15c
In base 13, what is 43 + -5?
3b
In base 7, what is 2 + 4406?
4411
In base 16, what is 16 - -13?
29
In base 7, what is 6 + 204?
213
In base 14, what is -55 - -7d?
28
In base 16, what is 68 - 0?
68
In base 16, what is 66d + -4?
669
In base 7, what is -22 - -1405?
1353
In base 15, what is -2a + 1?
-29
In base 9, what is 745 - -5?
751
In base 7, what is 3 + 0?
3
In base 14, what is c - -303?
311
In base 14, what is 15 - -9?
20
In base 11, what is -4 - 63?
-67
In base 11, what is 6 + 28?
33
In base 13, what is 5 - -83?
88
In base 13, what is 5 + -816?
-811
In base 8, what is -1 + 642?
641
In base 13, what is 4 + 218?
21c
In base 13, what is -37 + -2?
-39
In base 14, what is -135 - 56?
-18b
In base 6, what is -4 - 1331?
-1335
In base 8, what is 2 - -113?
115
In base 12, what is 3453 - 1?
3452
In base 5, what is 40140 + 0?
40140
In base 2, what is -10100100 + 11001?
-10001011
In base 2, what is -1100001 - 10?
-1100011
In base 10, what is -4 + 106?
102
In base 10, what is -55 - -184?
129
In base 16, what is -7e - -3?
-7b
In base 13, what is 4 - -475?
479
In base 8, what is 0 - -425?
425
In base 5, what is -1 + -11?
-12
In base 15, what is 29 - -9?
33
In base 14, what is a - -45?
51
In base 6, what is -3421 - 5?
-3430
In base 6, what is -140 - 2?
-142
In base 2, what is 101 + -1010?
-101
In base 7, what is 20 + 541?
561
In base 4, what is 1321 + -2?
1313
In base 6, what is 10 + -12?
-2
In base 12, what is 644a - -2?
6450
In base 16, what is -4b17 - -1?
-4b16
In base 3, what is -1110210 + 11?
-1110122
In base 16, what is 2f + -3?
2c
In base 6, what is -13402 - 3?
-13405
In base 10, what is -582 - -2?
-580
In base 4, what is 3212 - 121?
3031
In base 5, what is 320 - 1?
314
In base 4, what is 211 - 3001?
-2130
In base 6, what is -11 + -23?
-34
In base 16, what is -1 + -61a?
-61b
In base 16, what is 73 + 6?
79
In base 14, what is 18 - 1?
17
In base 10, what is 5 - -1272?
1277
In base 7, what is -12 - -500?
455
In base 2, what is -101110 - -111?
-100111
In base 12, what is 1 + -628?
-627
In base 3, what is 221 + -212?
2
In base 16, what is e - -c8?
d6
In base 5, what is 1102 - 3?
1044
In base 2, what is 101100001010 - -100?
101100001110
In base 8, what is 42 - -134?
176
In base 9, what is -3 - -1586?
1583
In base 13, what is 3a - 17?
23
In base 16, what is -164 - 3?
-167
In base 8, what is 6300 - 1?
6277
In base 5, what is -120 - 1?
-121
In base 12, what is 49a3 + -1?
49a2
In base 4, what is 30332 + 2?
31000
In base 11, what is 2 + -964?
-962
In base 14, what is -2c95 - 1?
-2c96
In base 13, what is 2 - 2a?
-28
In base 6, what is -101 - 34?
-135
In base 12, what is 3 + 1110?
1113
In base 12, what is -3b + -206?
-245
In base 6, what is 5 + -241?
-232
In base 13, what is -1b699 + -4?
-1b6a0
In base 11, what is 12 + -17?
-5
In base 4, what is -111 - 2322?
-3033
In base 16, what is -12 + -7?
-19
In base 7, what is -3 + 4221?
4215
In base 16, what is 19b - 3?
198
In base 11, what is 51 + 13?
64
In base 14, what is 7cb + 2?
7cd
In base 10, what is -4252 + 3?
-4249
In base 6, what is 244 + 43?
331
In base 10, what is 1733 - 4?
1729
In base 10, what is -8 - 1485?
-1493
In base 10, what is 0 - 4223?
-4223
In base 14, what is -4 - -15?
11
In base 11, what is 0 + -3046?
-3046
In base 16, what is 89 + -32?
57
In base 2, what is -11 - -1010000?
1001101
In base 9, what is -27 + 4?
-23
In base 9, what is 328 - 5?
323
In base 11, what is 3 - 5a?
-57
In base 11, what is 185 - -1?
186
In base 8, what is 41 - 0?
41
In base 16, what is -e - -3?
-b
In base 3, what is 1000 + 1111?
2111
In base 12, what is -4 + -1a4?
-1a8
In base 10, what is -5024 + -1?
-5025
In base 16, what is -12 + -452?
-464
In base 11, what is -75 + -2?
-77
In base 2, what is -1010111 - 10?
-1011001
In base 4, what is 11131 - -2?
11133
In base 6, what is 411 + 14?
425
In base 7, what is 4244 - 11?
4233
In base 3, what is 11 - -101122101?
101122112
In base 16, what is -6af + 4?
-6ab
In base 11, what is -61 + -16?
-77
In base 12, what is 6 - -24?
2a
In base 6, what is -5 + 150?
141
In base 14, what is 4 + -5b8?
-5b4
In base 12, what is 12 - 6?
8
In base 11, what is 7 + -6a2?
-696
In base 8, what is -5 - 4222?
-4227
In base 15, what is -a + 3?
-7
In base 9, what is -345 + 4?
-341
In base 6, what is -1 - 102?
-103
In base 10, what is -1086 + -1?
-1087
In base 12, what is -a - 2?
-10
In base 2, what is 101 + 100111?
101100
In base 11, what is 4 + 84?
88
In base 8, what is -5 + 115?
110
In base 16, what is -e + -bc9?
-bd7
In base 5, what is 1 + -13223?
-13222
In base 10, what is -2 - -466?
464
In base 8, what is 4 - -1253?
1257
In base 8, what is -1 - 117?
-120
In base 5, what is -1 + -2231?
-2232
In base 3, what is -2 + 20200?
20121
In base 12, what is 4 - 5a?
-56
In base 15, what is -4 + -130?
-134
In base 13, what is -4 - -33?
2c
In base 13, what is 1 - -648?
649
In base 3, what is 11 + -101?
-20
In base 8, what is 4 - 331?
-325
In base 7, what is 24 + 125?
152
In base 15, what is e - -1c?
2b
In base 4, what is 2110 - 0?
2110
In base 4, what is -33 + -12?
-111
In base 14, what is b - 3c?
-31
In base 11, what is -4 - -1?
-3
In base 11, what is 0 - 1596?
-1596
In base 3, what is 10 - 112102?
-112022
In base 9, what is -1357 - 2?
-1360
In base 12, what is -16 + -13?
-29
In base 14, what is -b - 3?
-10
In base 10, what is 131 - 1?
130
In base 6, what is -4 - -14?
10
In base 6, what is -132 + -1?
-133
In base 13, what is 162 + 2?
164
In base 10, what is 547 - 13?
534
In base 